 = j + 3*j + 11, 0 = 3*j + 6. Suppose o = k + 9. Suppose -i + 3*i - 8 = 0. Calculate the remainder when o is divided by i.
2
Suppose -2*k - 4*a = -36, 2*k + 4 - 43 = -5*a. Let m(n) = -34*n. Calculate the remainder when m(-1) is divided by k.
10
Let n(t) = t**2 - 8*t. What is the remainder when 59 is divided by n(10)?
19
Let j(d) = d + 3. Let u be j(3). Let a be (-13)/3 + 2/u. Calculate the remainder when 348/42 - a/(-14) is divided by 5.
3
Let s(b) = -8 + b + 0*b**2 + b**2 + 3. What is the remainder when 25 is divided by s(-4)?
4
Suppose 0 = -12*w + 209 - 77. Let q = 14 + 16. Calculate the remainder when q is divided by w.
8
Let i(l) = l**2 - 4 + 3*l - 9*l - 3. Suppose y - 6 - 11 = 2*r, -4*r = 4*y - 116. What is the remainder when y is divided by i(8)?
7
Let a(x) = -2*x**2 + x**3 + 4*x - x + 0*x + 2. Let j be a(3). Suppose 4*z - 17 = -d + 20, 0 = -4*d + j. What is the remainder when 14 is divided by z?
6
Let d(h) = h**3 - 3*h**2 - 22*h + 12. What is the remainder when 215 is divided by d(7)?
53
Let w = 18 - 15. Let y(t) = -t. Let r be y(-3). Calculate the remainder when (-2)/r - (-34)/6 is divided by w.
2
Let z(l) = 7*l - 3. What is the remainder when (57/(-6))/(1/((-12)/6)) is divided by z(2)?
8
Suppose -97 = -6*m + 53. What is the remainder when 37 is divided by m?
12
Suppose 0*f = 3*g + 2*f - 14, 0 = -g - f + 3. Let i(o) = 11*o - 7. Calculate the remainder when i(2) is divided by g.
7
Let z = 10 - 4. Suppose b = -3 + z. Calculate the remainder when 8 is divided by b.
2
Let q(k) = -k**2 - 6*k - 1. What is the remainder when (-14)/(-2) - 0*(-7)/(-49) is divided by q(-5)?
3
Let f = 23 - -57. What is the remainder when f is divided by 21?
17
Let j(s) = -s + 8. Let l be j(6). What is the remainder when 5 + 10 + l/1 is divided by 9?
8
Let j(a) = a**2 - 3*a - 2. Let o = 51 + -50. What is the remainder when j(4) is divided by o?
0
What is the remainder when (-8 + 11)*(-32)/(-6) is divided by 12?
4
Let n be 73*(-1 - -2) - 2. Let o = -50 + n. Calculate the remainder when o is divided by 11.
10
Calculate the remainder when 32 is divided by 1*68/16*4.
15
Let y(m) = 2*m**3 + 25*m**2 - 18*m - 16. Calculate the remainder when y(-13) is divided by 17.
15
Let l(q) = q**2 + 6*q - 4. Calculate the remainder when 4 is divided by l(-7).
1
Suppose 4*w + 3*u + u = 140, 0 = 4*w - 3*u - 119. Calculate the remainder when 92 is divided by w.
28
Suppose h = -0*h. Suppose -3*q - 4*f = h, -q - 4*f = -1 + 9. Calculate the remainder when 73 is divided by (2 - 13/q)*-20.
23
What is the remainder when 61 is divided by 1710/152 - (1/4)/1?
6
Let g(a) = -a + 5 + 6 + 2*a + 0*a. Let p be g(-5). Suppose 0 = 5*j + p - 36. Calculate the remainder when 10 is divided by j.
4
Suppose -389 - 469 = -13*d. What is the remainder when 259 is divided by d?
61
Let f = -7 - -10. Suppose f*u - 76 = -5*x - 0*u, 3*x = 5*u + 66. Calculate the remainder when 32 is divided by x.
15
Suppose -2*n + 25 + 5 = 0. Let q be (n/(-6))/(1/4). What is the remainder when ((-8)/q)/(1/25) is divided by 11?
9
Let b = 2 + -1. Suppose -3*a + 27 = -30. Calculate the remainder when b/(-2 - (-39)/a) is divided by 10.
9
Let f = -22 - -44. What is the remainder when f is divided by 8?
6
Let g(u) = -u**3 + 2*u**2 + 5*u - 2. Let l be g(3). Suppose -2*c + 0*c = t - 5, l*c + 25 = 3*t. What is the remainder when 11 is divided by t?
4
Suppose -4*z = -6 - 2. Suppose -6*a + z*a + 80 = 0. Suppose -n - a = -2*n. What is the remainder when n is divided by 7?
6
Let d = -15 + 6. Let m(l) = l**2 + 9*l + 7. What is the remainder when 20 is divided by m(d)?
6
Let y(r) = -r**2 + r - 1. Let t(f) = f**3 + 9*f**2 - 7*f + 1. Let k(o) = t(o) + 5*y(o). What is the remainder when 6 is divided by k(-4)?
2
Suppose 53 + 16 = -j. Let a = -27 - j. Calculate the remainder when a is divided by 11.
9
Let g(c) = -12*c + 2. What is the remainder when 68 is divided by g(-1)?
12
What is the remainder when 72 is divided by 2 - (-15 - -1) - (-3 + 4)?
12
Let a(c) = -c**3 - 6*c**2. Let s be a(-6). Suppose z - 3 = -f, s = z + 2*z + 5*f - 9. Calculate the remainder when 5 is divided by z.
2
Let r = 11 - -1. What is the remainder when ((-42)/4)/(6/(-12)) is divided by r?
9
Suppose m = -4*m + 30. Let c(d) = -6 - 7*d**3 + 0*d - 3*d**2 - 2*d + m*d**3. What is the remainder when c(-4) is divided by 10?
8
Let n(j) = 3*j**3 - 4*j**2 + 3*j - 2. Suppose -3*u - 4 = -5*u. Suppose 5*o - 59 = -2*a, -u*o = 2*a + a - 72. What is the remainder when a is divided by n(2)?
10
Let q(l) = 6*l**2 + 3*l + 3. Calculate the remainder when 60 is divided by q(-2).
18
Suppose 0 = -4*x + p + 258, 5*x - 314 = -3*p - 0*p. Suppose -r + x = 3*j, -80 = 5*j - 5*r - 200. What is the remainder when j is divided by 8?
6
What is the remainder when -2 + 3 - (-3)/(3/10) is divided by 7?
4
What is the remainder when 70 is divided by (1 + 0)/(3/72)?
22
Suppose u - 15 + 58 = 2*w, 0 = -3*w + u + 64. What is the remainder when 83 is divided by w?
20
Suppose -44 = 2*p + 5*c, -5*p = -5*c + 28 + 12. Let w = p + 26. Calculate the remainder when 25 is divided by w.
11
Let j = -1 + 2. What is the remainder when 10 is divided by -1*(3 + -6)/j?
1
What is the remainder when (-206)/(-4) - 1/2*-1 is divided by 11?
8
Let o(j) = -6*j + 28. Calculate the remainder when 110 is divided by o(0).
26
What is the remainder when 17 is divided by ((-18)/(-8))/(24/64)?
5
Let o(y) = -y + 3. Calculate the remainder when 13 is divided by o(-4).
6
Let n = 17 - 2. What is the remainder when n is divided by 8?
7
Suppose -n - 2*n = -99. What is the remainder when n is divided by 19?
14
Let n(y) = y**2 - 2*y - 1. Calculate the remainder when n(-2) is divided by 2.
1
Let b(l) = 4*l**2 + 14*l - 1. What is the remainder when b(-7) is divided by 25?
22
Suppose 8*w = 4*w + 24. Let c = 16 - w. What is the remainder when c is divided by 6?
4
Let i = 85 + -65. Calculate the remainder when 58 is divided by i.
18
Let g(w) = -w**3 + w**2 + w + 20. Suppose y = -y - 5*o + 5, 2*o - 2 = 4*y. What is the remainder when 59 is divided by g(y)?
19
Let x = -24 + 15. Let n = x + 14. What is the remainder when 12/(-5)*(-30)/9 is divided by n?
3
Let a(s) = 38*s**2 - 2*s + 1. Suppose -3*t - 5 = -8*t. Let j be a(t). Let l = -20 + j. What is the remainder when 65 is divided by l?
14
Let q(y) = 5*y**2 - 2*y - 1. Calculate the remainder when q(-2) is divided by 115/10 - (-3)/6.
11
Let a = 6 + 3. Let b = -27 + 54. Let s = 32 - b. What is the remainder when a is divided by s?
4
Let p = 2 + -12. Calculate the remainder when 2 + 0 - -2*1 is divided by (3/2)/((-5)/p).
1
Suppose 0 = 5*h + 3*l - 193, -2*h + 80 = -0*h + 4*l. Calculate the remainder when h is divided by (-3 - -15) + -3 + 1.
8
Suppose -3*u = -z - 8, -2*u = -0*u + 2*z. Calculate the remainder when 41 is divided by u/(-9) - (-512)/36.
13
Let z = -2 + 8. Suppose -17 = -2*f - 0*f + s, 4*s - 9 = f. Calculate the remainder when f is divided by z.
5
Let k = 147 + -262. Let r = -69 - k. Let a = -671 + 683. Calculate the remainder when r is divided by a.
10
Let p(s) = 2*s**2 - 2*s + 6 - 4*s + 3. Let f(t) = -6*t**2 + 17*t - 26. Let v(h) = -4*f(h) - 11*p(h). What is the remainder when v(4) is divided by 10?
9
Let z = 157 + -74. Calculate the remainder when z is divided by 12.
11
Suppose y - 2*s = 7, -5*s - 35 = -3*y - 2*y. What is the remainder when 11 is divided by y?
4
Let c(f) = 2*f + 4. Let q be c(-6). Let h = 17 + q. Let d(n) = n**3 - 9*n**2 + 6*n - 4. Calculate the remainder when d(h) is divided by 17.
16
Suppose -3*o = 12, 2*c - 99 - 19 = -3*o. Suppose c + 35 = 5*m. What is the remainder when m is divided by 11?
9
Suppose -7*j - 32 = -473. Calculate the remainder when j is divided by 2 + 14 - (1 - 1).
15
Let m = 2 - 0. Let i(z) = z**3 + 2*z**2 + 2. What is the remainder when 53 is divided by i(m)?
17
Let l(n) = n**3 - 17*n**2 + 36*n - 13. What is the remainder when l(15) is divided by 27?
23
What is the remainder when 173 is divided by -3*((-168)/9 + 4)?
41
Suppose -4*c - 2*i = 2*i - 200, -5*i = -5*c + 300. Calculate the remainder when c is divided by 15.
10
Let y(m) = -m**3 - 6*m**2 - 7*m - 6. Let p(z) = z**3 - 3*z**2 + 4*z - 1. Calculate the remainder when p(3) is divided by y(-5).
3
Suppose -4*f = -5 - 15. Calculate the remainder when 9 is divided by f.
4
Calculate the remainder when 3*1/9*75 is divided